 3*r - 2. Determine p(g).
-12
Let z(c) = 3. Let b(g) = -g + 15. Let d(o) = -b(o) + 5*z(o). Calculate d(0).
0
Let g(p) be the first derivative of 0*p**2 - 2 + 1/6*p**3 - 3*p. Let b(c) be the first derivative of g(c). Calculate b(6).
6
Let u(o) = 6*o**2 - 4*o**2 - 9*o**3 + 2 + 19*o**3 + 3*o. Give u(-1).
-9
Let n be (-3)/12 - 45/(-20). Let o(g) = 0*g**2 + g**3 - n*g**2 + 7 + g + 10*g**2. What is o(-8)?
-1
Suppose -3*o - o - 140 = 0. Let l = -40 - o. Let m(y) = y**2 + 4*y - 4. Calculate m(l).
1
Let w(b) = -b**3 + 8*b**2 - 8*b + 3. Suppose -5*m = -5*j, 9 = 2*j - 5*m + 24. Suppose 0 = 4*q - j*n - 18, 5*n - 9*n = -8. What is w(q)?
-4
Suppose 5 = 3*v - 19. Let t(y) = -y**2 + 9*y - 6. Calculate t(v).
2
Let o be 237*((-4)/(-8))/((-3)/(-2)). Let z = -70 + o. Let k(m) = m - 9. What is k(z)?
0
Let f(i) be the second derivative of -i**4/12 + i**3/3 + 3*i**2/2 + i. Let w = -113 + 113. Suppose w = -4*y - 7 - 1. What is f(y)?
-5
Let o = 25 + -26. Let a be (o - 2)/(6/8). Let h(x) = -x - 1. Determine h(a).
3
Let z(h) = -h**3 + 7*h**2 - 6*h + 1. Let q(y) = -y - 14. Let x be q(-16). Suppose 2*u = 10 + x. What is z(u)?
1
Let g(r) be the third derivative of -r**5/60 + r**4/8 - r**3/2 - 5*r**2 - 31*r. Let v = -6 - -9. Calculate g(v).
-3
Let t(v) = 4 - 4*v + 6*v + 5*v - 2*v**2. Let u(m) = 3*m**2 - 14*m - 9. Let k(x) = -5*t(x) - 3*u(x). What is k(-6)?
1
Let q(i) be the second derivative of i**3/3 - 11*i**2/2 - i + 22. Give q(0).
-11
Let k(q) be the second derivative of -3*q + 0 - q**2 + 1/6*q**3. What is k(5)?
3
Let u(w) = -w**3 + w**2 - w - 1. Let r be 80/6 - (-8)/12. Let i = r - 14. Suppose -s = -i*s. Determine u(s).
-1
Let l = -5 + 5. Let a(w) = 21 + 12 - w + 2*w - 26. Determine a(l).
7
Let p(b) = -17 + 2654*b - 2637*b + 19. Calculate p(1).
19
Let l(y) be the second derivative of 1/2*y**3 + 3/2*y**2 + 0 - 4*y. Determine l(-3).
-6
Let m(r) = -27*r**3 + 11*r**2 + 8*r - 8. Let s(f) = 18*f**3 - 7*f**2 - 5*f + 5. Let l(p) = 5*m(p) + 8*s(p). Let j = 255 - 256. What is l(j)?
-10
Let q(a) = -14 - 6 + 17 - 8*a - a**3 - 8*a**2. Let g be (1/(-3))/((-1)/3). Let b be (g/3)/((-4)/84). Calculate q(b).
4
Let h(v) be the first derivative of -v**2/2 - 11*v + 789. Let u = -11 - -3. What is h(u)?
-3
Let j be (-7 + -1)/8 + -6. Let s(m) be the second derivative of -m**5/20 - 7*m**4/12 + m**3/3 + 2*m**2 + 3*m. Calculate s(j).
-10
Let v(l) = -2*l - 3. Suppose -4*s + 3*u = 11, -5*u = 2*s + s + 1. Let c be v(s). Let b(n) = c - 770*n**2 - 1 + 771*n**2. Determine b(3).
9
Suppose 2*p + 4*b - 48 = -2*p, -5*p + 40 = -5*b. Let j = -1 + p. Suppose j = -7*w - 5. Let g(z) = -3*z**2 - 3*z - 1. What is g(w)?
-7
Let o = 34 - 27. Suppose -12 = -10*u + o*u. Let c(b) = b**3 - 4*b**2 + 3*b - 4. What is c(u)?
8
Let i(f) be the third derivative of -f**5/60 + f**4/3 + f**3/3 + 188*f**2. Give i(5).
17
Let n(o) = 30*o - 54. Let r(b) = -10*b + 17. Let d(i) = -6*n(i) - 19*r(i). Give d(-1).
-9
Let t(m) = -2*m + 52. Let d be t(26). Let i(w) = 2*w - 7. What is i(d)?
-7
Let t(d) = 3*d**2 + 11*d + 8. Let a(v) be the first derivative of 4*v**3/3 + 6*v**2 + 9*v + 8. Let i(n) = -4*a(n) + 5*t(n). Calculate i(8).
-4
Let i(h) = -15*h**2 + 26 + 20*h**2 + h**3 + 10*h**2 + 0*h**3 + 2*h. Give i(-15).
-4
Let c(t) = -t**2 + 4*t - 3. Suppose 5*r - 223 = -38. Let b = -46 + 85. Let s = b - r. Give c(s).
1
Let f(y) be the first derivative of 2*y**3/3 + y**2 + 3*y + 64. Suppose -10 = -0*h + 5*h + w, -5*w = -25. Determine f(h).
15
Let v(g) be the second derivative of 1/360*g**6 + 1/12*g**4 - g + 1/120*g**5 + 0*g**2 + 0 + 0*g**3. Let m(l) be the third derivative of v(l). Calculate m(-1).
-1
Let s(a) be the first derivative of -11 - 5*a + 9*a - 2*a - a**2. Determine s(-4).
10
Suppose 3 = 2*u + 1. Let z(h) = h. Let n(v) = 4*v - 7. Let a(o) = u*n(o) - 3*z(o). Determine a(8).
1
Let z(r) = r**3 + 6*r**2 - 8*r - 8. Let n be z(-7). Let b be (n - 12/(-20))*-5. Suppose 0*i + 17 = -b*i + y, 2*y = 10. Let w(v) = -v - 2. Calculate w(i).
4
Let y be (-1)/2 + (-20)/(-8). Suppose 0 = -3*x + 30 - 18. Suppose d - 2*o - 7 = 0, -3*d - y*o - x = -1. Let m(s) = -5*s - 1. Give m(d).
-6
Let n(f) = f**3 + 6*f**2 - 17*f - 12. Suppose 154 = 4*b + 186. Give n(b).
-4
Let w be (4/(-10))/(843/(-60) - -14). Let l(h) = 4*h + 8. Determine l(w).
40
Let k(g) = 2*g**2 - g + 7. Let q(d) = d**2 + 3. Let n(f) = -3*k(f) + 8*q(f). Suppose -3*x + r - 11 = 0, -5*x - 28 - 2 = -4*r. Calculate n(x).
5
Let c(n) = n. Let o be c(2). Suppose 3*k = -o*k + 25. Let f(j) = j**2 + k*j + 6*j**2 - 6*j**2. Determine f(-5).
0
Let d(t) = -12*t**2 + t - 1. Let a be (24/15)/(4/10). Suppose 0*c = -a*c + 5*s - 21, 2*c - 3*s + 13 = 0. Determine d(c).
-12
Suppose 48 = -74*t + 82*t. Let v(i) = i**3 - 7*i**2 + 9*i - 13. Give v(t).
5
Suppose -5*p + 5*x = -15 - 20, -x - 9 = -2*p. Let n(o) = -10*o + 19*o + o**p - 10*o. Give n(1).
0
Let h(g) be the third derivative of g**4/8 + 5*g**3/2 + 19*g**2 - 4. Determine h(-5).
0
Suppose 9*b + 4 = 13. Let r(y) = 42*y - 2. Determine r(b).
40
Let p(w) be the first derivative of w**4/2 + w**3 - 2*w - 2. Let q = 49 - 45. Suppose -q = 10*u - 8*u. What is p(u)?
-6
Suppose 2*u + 3*u - 2*x - 3 = 0, u - 5*x = -4. Let y(h) be the third derivative of h**4/24 - h**3/6 - 2*h**2 - 8. Give y(u).
0
Let h(a) = -a**3 - 3*a**2 + 5*a - 2. Suppose -5*s + 15 + 0 = 0. Suppose -4*v - 36 = 4*k, 0*k + k - 11 = s*v. What is h(k)?
-6
Let f(k) = -4*k - 30*k**2 + 13*k**2 + 21*k**2 + k**3 - 3*k**3. What is f(3)?
-30
Let j(v) = -19*v**3 - 2*v + 1. Let o be 3/6 + (9/(-2) - 3). Let b(f) = -f - 6. Let t be b(o). What is j(t)?
-20
Let t(u) = -2*u**3 - 2*u**2 - 2*u - 2. Let x = 149 + -151. Determine t(x).
10
Let x = -127 + 131. Let n(r) be the second derivative of -r**3/6 - r**2 - 4*r. Give n(x).
-6
Let m(g) = g**3 + 5*g**2 + 2*g + 3. Let t(z) = z**2 - 6. Let a be t(0). Let s(y) = y + 2. Let l be s(a). Calculate m(l).
11
Let a(y) = -3*y - 14. Let q be ((-170)/45 - 5) + 4/(-18). Give a(q).
13
Let p(d) be the third derivative of d**6/120 + d**5/10 - 5*d**4/24 + 2*d**3/3 - 6*d**2 - 9. Determine p(-7).
-10
Let c(x) = x**3 + 6*x**2 - 8*x - 13. Let w = -192 + 185. Determine c(w).
-6
Let c(i) = 13*i + 6. Let y(q) = 36*q - 220. Let u be y(6). Calculate c(u).
-46
Let w(d) = -7*d**3 + 22*d**2 - 8*d - 1. Let c(r) = -15*r**3 + 47*r**2 - 17*r - 2. Let b(p) = 6*c(p) - 13*w(p). What is b(4)?
9
Let s be (-6)/(-21) - 702/(-42). Suppose -26 = 2*h - 0*h + 5*d, h = 5*d + s. Let x(y) = 0 - 3*y + 0 + 0. Calculate x(h).
9
Let b(m) = -15*m**2 - 3 + m - 174*m**3 + 20*m**2 + 175*m**3. Calculate b(-3).
12
Let d(v) = -v**2 + 3*v. Let h be d(3). Let j(z) be the second derivative of -z**4/12 + z**3/6 + 2*z**2 - 71*z. What is j(h)?
4
Let m(j) = -2*j**3 - 19*j**2 + 7*j - 19. Let u(x) = -x**3 - 9*x**2 + 3*x - 9. Let a(l) = -6*m(l) + 13*u(l). Calculate a(-2).
-1
Let p(l) = 2*l + 2. Suppose 3*y = -0*y + 5*u + 5, -5*y + 23 = -u. Suppose -5*o = r - 22, 4*r + y*o - 3*o = -2. Calculate p(r).
-4
Let g(q) = 7*q - 3. Suppose -2*t + n + 3 = 0, t - 15 = 4*t + 5*n. Suppose 0*p + p - 7 = t. Let f(h) = -h**3 + 8*h**2 - 7*h + 2. Let j be f(p). Calculate g(j).
11
Let i be 24*(4 - (-15)/(-4)). Let g(m) = m**2 - 7*m + 5. Determine g(i).
-1
Let s(w) = -75*w + 76*w - 5*w**2 + 0*w**2. Determine s(-2).
-22
Let x(o) = 2*o**2 - 5*o + 2. Let v be x(3). Suppose -4*b = -5*a, -v*b + 0*a = -a. Let k(g) = 1 - 5 + 10*g + 5 + b. Give k(-1).
-9
Let p(h) be the third derivative of -5/6*h**3 + 0 + 0*h + 15*h**2 + 5/24*h**4. Give p(4).
15
Suppose 0 = l - 5, -4*k + 2*l = -l - 113. Let y = 13 - 10. Let s(w) = 2 - y - 31*w + k*w. Calculate s(-2).
-3
Let q(j) be the second derivative of j**3/6 - 7*j**2/2 - j. Suppose -s = 5*f - 8, 0 = -25*s + 28*s + f + 18. Give q(s).
-14
Let p be 0 + (-4)/4 + -9. Let l(t) be the second derivative of -t**4/12 - 11*t**3/6 + 2*t**2 - 42*t. Calculate l(p).
14
Suppose 4*k - 3 = -19. Let c(j) be the first derivative of j + 1/2*j**2 + 2. Calculate c(k).
-3
Let t(o) = -3*o + 52. Suppose -u = s - 18, 3*s + 6 = -4*u + 77. What is t(u)?
1
Let u = 87 - 125. Let n be u/14 - (-2)/(-7). Let z(b) = -6*b**2 - 7*b - 8. Let k(q) = -7*q**2 - 8*q - 9. Let v(a) = -4*k(a) + 5*z(a). Calculate v(n).
-13
Let b(r) be the second derivative of -r**3/3 - r**2 + 10*r + 2. Let m be 29/9 - 12/54. Suppose o - m*o = -12. Give b(o).
-14
Let t = 56 - 63. Let d(b) = 4*b**2 - 